 common divisor of 63 and k?
7
Suppose 26*f - 16 = 10. Calculate the highest common factor of f and 5.
1
Let o be 3 + 1 + 24/6 + -4. Let a(i) = i**2 + 2*i - 2. Let v be a(-3). Let g be o*(v + (-19)/(-4)). Calculate the highest common factor of 23 and g.
23
Let w = -8 + 18. Suppose -5*j = 20, -14 - w = -c + 4*j. Let s(p) = -p - 1. Let m be s(-2). Calculate the greatest common factor of c and m.
1
Suppose 4*s = -2*c + 2972, -3*s = 2*s - 5*c - 3700. Calculate the greatest common divisor of 14 and s.
14
Suppose -3*c = 2*x - 638 - 183, 3*x = 5*c - 1362. Calculate the highest common divisor of c and 21.
21
Suppose 21 = 3*y - 30. Let u be 2052/102 + (-2)/y. What is the highest common divisor of 220 and u?
20
Let q be 22/4*4/2. Let w(n) = n**3 - 11*n**2 - 3*n + 16. Let l be w(q). Let m = -1 - l. Calculate the highest common factor of m and 2.
2
Let d(f) = -4 - 41*f + 4 + 104*f. Let j(u) = u - 4. Let t be j(6). Let g be d(t). What is the greatest common factor of g and 14?
14
Let u = -2 + 14. Suppose -12 = -3*w - h, h + 2 = 3*w - 10. Suppose 296 = 3*c + w*x - 0*x, 5*x = -4*c + 394. Calculate the greatest common factor of c and u.
12
Let a(y) = -13*y**3 - y**2 - 4. Let k(n) = -n**3 + n**2. Let p(q) = a(q) + 2*k(q). Let j be p(-2). What is the greatest common factor of 15 and j?
15
Suppose -2*b = 2*v - 36, -b - 95 = -6*b - 4*v. Suppose -5*f - 1022 = -4*x, -4*f - 6 = -f. What is the greatest common divisor of b and x?
23
Suppose 8*b - 3*b = 2*s - 122, -4*b = -5*s + 288. Let t = s - 32. Let w = 1025 + -1022. Calculate the highest common divisor of t and w.
3
Suppose 4*m = 2*i + 3*m - 334, 5*i = -2*m + 844. Calculate the highest common factor of 24 and i.
24
Let w be (-16)/(-12)*33 + 2. Suppose 50 + w = -2*a. Let i be a/((-4)/(120/9)). Calculate the greatest common divisor of 20 and i.
20
Let t be 4/10 + 76/10. Let x(h) = -h**3 + 11*h**2 - 9*h + 1. Let q be x(t). Let g be (-44)/8*(-4 + 6 + -4). Calculate the greatest common divisor of q and g.
11
Let v(n) = n**2 + 3*n - 6. Let d be v(2). Suppose 328 = d*j + t, -116 = 3*j + 5*t - 379. Calculate the greatest common factor of j and 27.
27
Let u = 394 + -391. Let s be 2/(-10) - (-61)/5. What is the greatest common divisor of u and s?
3
Let n(w) = w**2 - 26*w + 116. Let k be n(23). What is the highest common factor of 94 and k?
47
Suppose 53 + 13 = 2*v. Suppose -2*d - 6 = 0, d = -0*f - 3*f + 6. Calculate the greatest common factor of f and v.
3
Suppose 7*l = -2*l + 36. What is the greatest common factor of l and 428?
4
Let n be (16/(-6))/((-4)/12). Suppose -c + 264 = 3*z, 0*z - 5*c - 440 = -5*z. Calculate the highest common factor of n and z.
8
Suppose 4*v - 7*v + 285 = -5*k, -v - 4*k = -78. Calculate the highest common divisor of v and 20.
10
Suppose i = 13 + 5. Suppose 4*u + k = -4, -9 = -3*u + 3*k + 3. Let s be u + (1 - -125*1). What is the highest common divisor of s and i?
18
Let z = 346 - 337. Calculate the highest common factor of 99 and z.
9
Let y be (-9 - (-1417)/156)/(1/3)*12. Suppose -2*r + 7*r - 75 = 0. What is the highest common divisor of r and y?
3
Suppose -21*v + 146 = -20*v + i, -298 = -2*v + 4*i. Calculate the greatest common factor of v and 3.
3
Let z = 78 + -42. Suppose 4*i - 8*i = -z. Calculate the greatest common divisor of 45 and i.
9
Suppose 92 + 56 = 4*i. Let t(a) = -a + 5. Let y be t(1). Suppose y*n = i + 31. Calculate the highest common divisor of 68 and n.
17
Suppose 9*o + 35*o = 352. What is the greatest common divisor of 200 and o?
8
Let o(g) = 1 + 0 - 4 + 5*g - 2. Let u(w) = -w**2 - 13*w + 52. Let q be u(-16). Let d be o(q). Calculate the highest common factor of d and 5.
5
Let g be (5 - 6/(-2)) + 520. Calculate the greatest common divisor of 32 and g.
16
Suppose 44*g - 729 = 41*g. Let t be -2 - -27 - -4*(-3)/(-6). Calculate the greatest common factor of g and t.
27
Let m(n) = n**3 + 7*n**2 + 5*n - 6. Let k be m(-6). Suppose k = 69*s - 65*s - 56. What is the greatest common divisor of s and 14?
14
Let t(r) = 16*r**2 + 2*r + 2. Let v be 4*((-18)/8)/3. Let s be t(v). What is the highest common factor of 28 and s?
28
Let p be 6/9*9 - 3. Let a be -2 - ((-3)/p - -93). Let u be 12/(-18) - a/6. Calculate the greatest common divisor of u and 15.
15
Let r = 25 - 19. Suppose r*p - 110 = -4*p. Calculate the greatest common factor of 1 and p.
1
Let t = -1211 + 1695. Suppose 15*o - t = 4*o. Calculate the greatest common divisor of 4 and o.
4
Let f be ((-14)/4)/((-4)/24). Suppose 467 = 2*y - 5*a, 0 = 4*y - 4*a - 69 - 859. Calculate the highest common divisor of f and y.
21
Let b = 847 + -831. Suppose 5*k - 3*c = 655, 399 = 2*k + k - 3*c. What is the highest common factor of b and k?
16
Let m(w) = w**3 - 4*w**2 - 6*w + 11. Let l be m(5). Calculate the greatest common divisor of l and 16.
2
Let t = -202 + 214. Calculate the highest common factor of 27 and t.
3
Suppose 0 = -i + 3*u + 8, -8 = -2*i + u + 3*u. Let a be (4/3)/((-10)/(-3405)) + i. What is the highest common factor of 45 and a?
45
Suppose -4*b + 12 = 0, 0 = -v - 0*b - 5*b + 10. Let t = v - -23. Calculate the highest common divisor of t and 54.
18
Let p = 1117 - -274. Calculate the greatest common divisor of 13 and p.
13
Let r(s) = 2*s**2 + 14*s + 16. Let t be r(-6). What is the highest common factor of t and 32?
4
Let c(j) = 1087*j - 40. Let l be c(4). Calculate the greatest common factor of 12 and l.
12
Let y(n) = -2*n**3 + 11*n**2 - 5*n + 5. Let b be y(5). Suppose b = 3*c + 4*q, 0*q = 4*c - 4*q - 16. Calculate the greatest common factor of c and 3.
3
Let m(z) = -z**3 - z**2 + z + 1. Let r be m(-2). Let b = r + 4. Let a(g) = 2*g - 8. Let d be a(b). Calculate the highest common factor of d and 9.
3
Let z = -27 + 38. Let y(a) = 7*a + 12 - 9 + 11 - a. Let p be y(z). Calculate the highest common factor of p and 10.
10
Let m = 351 + -225. What is the highest common divisor of m and 28?
14
Suppose 0 = 4*j + 2*c - 66, -2*c + 5*c - 3 = 0. Suppose -u + 7 + j = 0. Calculate the highest common factor of 184 and u.
23
Let p = 27 + -22. Suppose q + 2*o - 82 = 0, 0*q - 2*o + 434 = p*q. What is the greatest common factor of q and 8?
8
Let i = -1868 + 1892. What is the greatest common factor of i and 96?
24
Suppose 8*i - 41 = 7*i. Suppose 3*t - 632 = -17. What is the highest common factor of t and i?
41
Suppose -5*f + 22 = u, f = 6 - 5. Let m = 131 + -51. Suppose -v + 5*c = 2*v - 87, -2*v + m = 4*c. What is the highest common factor of u and v?
17
Let c = 241 + -207. Suppose 4*t + 0 = 3*b + 8, 5*b - 20 = 0. Suppose t*o = 2*s + 858, o + 862 = 6*o - 3*s. Calculate the highest common divisor of o and c.
34
Let p = 27 - 19. Let i be -15*(1 - (-4 + p)). What is the greatest common divisor of 18 and i?
9
Let t be (1 + 3)/(29/522). What is the greatest common factor of t and 396?
36
Suppose 2*o - 4*o + 460 = u, -938 = -2*u + 5*o. What is the greatest common factor of 348 and u?
116
Suppose 204 = -844*b + 856*b. Suppose 0 = -5*c + 448 + 147. What is the greatest common factor of c and b?
17
Suppose 4*y + 935 = 3*x, 3*x + 3*y - 937 = 8*y. Calculate the highest common divisor of x and 6.
3
Let p = 27 - 16. Let u(z) = z**2 + 5*z + 2. Let h be u(-5). Suppose -3*y + 275 = h*y. Calculate the highest common factor of y and p.
11
Let f be -1 + 7 - (9 + -7). Suppose 172 = f*m - w, 4*w = m - 17 - 11. Let n = -1 + 5. What is the highest common divisor of n and m?
4
Let c be -2 + 45/4 + (-1)/4. Let s = -66 + 67. Calculate the highest common factor of c and s.
1
Let u(i) = 10 - 13*i + 11*i + 73*i. Let d be u(2). What is the highest common factor of 8 and d?
8
Let t = -20051 + 20126. Let o be (25/2)/((-1)/(-2)). Calculate the greatest common divisor of o and t.
25
Let w = -49 - -69. Suppose -t = t - 10. Calculate the greatest common divisor of w and t.
5
Suppose -5*l + 239 + 176 = 4*c, -410 = -5*l - 5*c. Let p be (-3)/(-18) + (-2776)/(-48). What is the highest common divisor of l and p?
29
Let w(k) be the second derivative of 2*k**3/3 + 13*k**2/2 - k. Let n be w(8). Let p = n + -27. Calculate the greatest common divisor of p and 45.
9
Suppose 18*s - 169 = 5*s. Suppose s*n - 126 = 420. What is the greatest common divisor of 14 and n?
14
Let r = -308 - -452. Calculate the highest common divisor of r and 360.
72
Suppose 5*a = 4*a + 9. Suppose -a*p + 4*p = -165. Calculate 